e 0 = -0*l - z*l + 56. What are the prime factors of l?
2, 7
Suppose 4*y + 64 - 496 = 0. What are the prime factors of y?
2, 3
Suppose 5*k = 2*k. Suppose x - 30 = -k*x. List the prime factors of x.
2, 3, 5
List the prime factors of (-2 - -40)/(14/21).
3, 19
Let b be (1 + -3)*2*-7. Let m = -16 + -4. Let p = b + m. What are the prime factors of p?
2
Suppose -29 = 3*k - 101. What are the prime factors of (-368)/k*(-6)/4?
23
What are the prime factors of 2/(-7) + 1014/21?
2, 3
Let a = -1 + 1. Suppose -2*p - p + 15 = a. List the prime factors of p.
5
Suppose o - 25 = -6. What are the prime factors of o?
19
Suppose 5*h + 4*q = 551, -q - 523 = -5*h + 2*q. Suppose 3*a + h = 4*r + 11, -5*r = -a - 120. Let b = r - 15. What are the prime factors of b?
3
List the prime factors of ((-78)/8)/((-13)/52).
3, 13
Let m = -25 - -1. Let r be (-274)/(-8) + 4/(-16). Let o = r + m. List the prime factors of o.
2, 5
Suppose -2*d + 9 = -1. Suppose -34 = -3*v + 2*o, d*o + 45 = 5*v - 15. What are the prime factors of 66/v + 2/5?
7
Let k(f) = -f**3 + 5*f**2 - 2*f + 3. Let u be k(4). Suppose -t = 5*p - 5 - u, 3 = 3*p. List the prime factors of t.
11
Let l(i) = i**2 - 10*i - 6. What are the prime factors of l(11)?
5
Suppose 28 = 4*y + 4*r, 2*r + 3 + 4 = y. What are the prime factors of y?
7
Let m(i) = -2*i**3 + i**2 + i + 1. Let a be m(-1). Suppose k - 7 = -a*j - 4*k, -5*j = -2*k + 40. Let s(t) = -t**2 - 7*t - 2. What are the prime factors of s(j)?
2
Let d = -244 + 431. List the prime factors of d.
11, 17
Suppose 5*h + 91 - 231 = 0. List the prime factors of h.
2, 7
Suppose 300 = 5*o - 4*y, 2*o = o + 5*y + 81. Suppose 7*v = -3*v + 40. Suppose v*d = 16 + o. List the prime factors of d.
2, 3
Let q = -1 - -3. Let u be (-2)/4*(q + -2). Suppose 33 = -u*g + 3*g. What are the prime factors of g?
11
Let g(i) = -7*i**3 + 3*i**3 + i + 3*i**3 - 4*i**2 + 4. Let m be g(-4). Suppose m = -4*z + 16 + 36. What are the prime factors of z?
13
Suppose -520 + 34 = -3*c. What are the prime factors of c?
2, 3
Let n(y) be the second derivative of -y**3/6 + 3*y**2/2 + 25*y. Suppose 1 = -u - 3. List the prime factors of n(u).
7
Let n(q) = 2*q + 8. Let d be n(-4). Let t = 13 + d. List the prime factors of t.
13
Let t(u) = 5*u - 6. List the prime factors of t(3).
3
Suppose 2*g = 3*w - 40, -4*g + 0 = -3*w + 44. Suppose w = 2*u - 3*z, u + 5*z - 25 - 7 = 0. List the prime factors of u.
2, 3
Let f(q) = -q + 3. Let h = 16 - 11. Let l be f(h). List the prime factors of -1 - l - 4/(-2).
3
Suppose 0 = 3*u + 4*j + j + 64, 2*u - 4*j = -6. Let c = 22 + u. What are the prime factors of c?
3
Let a = 1 - -1. Suppose 0 = -a*j - 3*j + 25. Suppose -j*k - 14 = -119. List the prime factors of k.
3, 7
Let m be (-219)/7 - 10/(-35). Let n = 3 - m. List the prime factors of n.
2, 17
Suppose h = 3*h - 8. What are the prime factors of h?
2
Suppose 0 = -2*s + 4*s + 2. Let f be (-3)/(9/(-6)) - s. Let w = f - -7. What are the prime factors of w?
2, 5
Suppose -r + 0*r + 78 = 0. What are the prime factors of r?
2, 3, 13
Let i = -43 + 83. List the prime factors of i.
2, 5
Let s(j) = -j**2 - 7*j - 2. Let g be s(-7). Let t be (-7)/14 + (-11)/g. Suppose t*y - 28 = y. What are the prime factors of y?
7
Let p be (-10)/(-25) - (-2)/(-5). What are the prime factors of ((-11)/(1 - p))/(-1)?
11
List the prime factors of -4 - 0 - (11 + -52).
37
List the prime factors of 6/(-10)*(6 + -1) + 115.
2, 7
Suppose 1020 = 3*i - 3*t + 93, -1257 = -4*i - 3*t. What are the prime factors of i?
2, 3, 13
Let z be (-45)/(-6)*4/5. Let q be z/4*(-24)/(-9). What are the prime factors of 3*10/12*q?
2, 5
Let j(x) = -x - 1. Let z be j(7). Let b(y) = y**3 + 8*y**2 + 5*y + 12. Let i be b(z). What are the prime factors of 4/6 - i/3?
2, 5
Let c(v) = v + 10. Let t be c(-9). Suppose 5*k - 98 - 17 = -4*u, -k = t. What are the prime factors of u?
2, 3, 5
Let t = 208 + -148. What are the prime factors of t?
2, 3, 5
Let u(v) = 4*v**2 - 3*v - 6. What are the prime factors of u(4)?
2, 23
Let h(o) = -9*o**2 - 2*o + 20. Let w be h(-14). List the prime factors of (-2)/(-9) - w/54.
2
Suppose 0 = 2*p - 6 - 0. Suppose p*o + o - 12 = 0. What are the prime factors of o?
3
Let k be 10/35 - 2/7. What are the prime factors of (k + -4)/(-4)*27?
3
Let a(z) = 3*z + 1. Let d be a(-6). Let u = 42 + d. List the prime factors of u.
5
Suppose 0 = 5*v + 3*j - 19, 4*v - 8 - 15 = -5*j. List the prime factors of v/((-320)/164 - -2).
41
List the prime factors of 15/10*(-372)/(-9).
2, 31
Suppose -2*p + 160 = -2*j, 2*p + 2*p + 4*j - 280 = 0. What are the prime factors of p?
3, 5
Let f = -8 - -11. Let n be (-3 - -4)*(-13)/(-1). Suppose -f*m = 2*y - n, -3*m = -y + 2 - 0. List the prime factors of y.
5
What are the prime factors of (-1)/3 + (-4829)/(-33)?
2, 73
Let c = -20 + 28. Suppose c*s - 3*s + 11 = -2*o, -3*s - 19 = -5*o. Suppose -o*l + 80 = 3*l. What are the prime factors of l?
2
List the prime factors of 6/(90/(-5))*-678.
2, 113
What are the prime factors of 0/(-1) - (-180 + (-6 - -7))?
179
Suppose -3*m + a + 31 = 0, -37 = -5*m - 3*a + a. Let c(s) = -s**3 + 0 + 4 - m + 5*s**2. List the prime factors of c(4).
11
Suppose 2*g + 18 + 10 = 4*k, 0 = 4*k - 3*g - 26. What are the prime factors of (k/12)/(1/15)?
2, 5
Suppose 4*s + 46 = 5*s. What are the prime factors of s?
2, 23
List the prime factors of -4 + 170/45 + (-15850)/(-45).
2, 11
Let n = -21 - -13. Let g(s) = s**2 + 9*s + 10. Let o be g(n). Suppose o*k + 48 = 6*k. What are the prime factors of k?
2, 3
Let z(a) = 18*a - 49. List the prime factors of z(8).
5, 19
Let n(t) = -4*t**2 + t**3 + 4*t + 0*t**2 + t**2. Let q be n(3). Suppose -3*x + q = -6. List the prime factors of x.
2, 3
Let n be (4/2)/(-1 - -3). Let g be -2 + 6 + -3 - 0. What are the prime factors of n/(2/(g*10))?
5
Let z(i) = -i + 8. Suppose -4*h = -9*h. List the prime factors of z(h).
2
Suppose 4*m = 5*t + 211, 15 = -5*m - 2*t + 254. List the prime factors of m.
7
Let y be (1/(-2))/((-1)/(-2)). Let x(f) = -26*f**3 + f + 1. What are the prime factors of x(y)?
2, 13
Suppose -2*b + 12 = 2*b. Suppose 16 = r - b. What are the prime factors of r?
19
Suppose 4*m + 8 = -0*m. List the prime factors of (m + -23)*8/(-20).
2, 5
Suppose 5*a = -25, 0*o - o - 5*a - 22 = 0. Let x be 56/5 + o/(-15). Suppose 0 = 5*n + x - 66. List the prime factors of n.
11
Suppose z + 0*f - 2*f = -6, -3*z + 3*f = 15. Let l(b) = 2*b**2 + 3*b - 1. Let k be l(2). Let r = k + z. What are the prime factors of r?
3
List the prime factors of (9/((-90)/10))/((-1)/366).
2, 3, 61
Let w(y) = 9*y - 10. List the prime factors of w(6).
2, 11
Let x be 2/(33/9 - 3). Let z be (2 + -3)*(-2 + x). What are the prime factors of (z - 0/2) + 18?
17
Let t(r) = 2*r**2 - r - 3. Let m be t(4). Suppose -5*y + m - 5 = 0. List the prime factors of y.
2
Suppose -15 = -5*m + 20. Suppose 0 = m*v - 5*v - 34. List the prime factors of v.
17
Suppose -2*g = 4*y - 482, 5*g = y + 219 + 1008. Suppose -6*s = -s - g. What are the prime factors of s?
7
Suppose -4*p = -p + 18. Let s be p/(-9)*1*-3. List the prime factors of s/(-4) - (-51)/6.
3
Let s(f) = 7*f - 2. Let u be s(-8). Let l = u - -105. What are the prime factors of l?
47
Let r(z) = z**2 + 8*z + 7. Let p be r(-5). Let b(m) = m**3 + 10*m**2 + 10*m + 7. Let s be b(p). Let f = s - 36. List the prime factors of f.
19
Suppose -q + 2*q + 45 = 2*c, 5*q = 3*c - 85. Let b = c - -40. Suppose -b = -x - 3*x. What are the prime factors of x?
3, 5
Let x be 1 + -1 - -2 - 5. Let k be (x + -3)/3 + 7. Suppose 0 = -2*q - y + 13, 29 = -q + 5*q + k*y. List the prime factors of q.
2, 3
Let q = 10 - 7. List the prime factors of q.
3
What are the prime factors of 0 - (-4)/(-2) - -138?
2, 17
Let i = 39 + -27. List the prime factors of i.
2, 3
Let m = 4 - 4. Let z = -4 - -8. Suppose -h + 2 = -m, -4*h + 36 = z*w. List the prime factors of w.
7
What are the prime factors of 3/(75/3890) - 12/20?
5, 31
Let j = 42 - 26. Let k(i) = 5 + 4*i - 5 + j*i. List the prime factors of k(1).
2, 5
What are the prime factors of (-2)/((-12)/(-18)) + 129?
2, 3, 7
Suppose -2*b - 9 = -3*b. Let u = 2 + b. Suppose -2 = -j + u. List the prime factors of j.
13
Let h(k) = 17*k**3 + 4*k - 4. List the prime factors of h(2).
2, 5, 7
Let j be -1 + (55 - 2) + -1. Suppose 3*o + v - 5*v - j = 0, -3*o - 5*v + 24 = 0. Suppose 2*a + 2*d + o = 3*a, d + 34 = 